{"id":201,"date":"2024-12-19T01:28:15","date_gmt":"2024-12-19T01:28:15","guid":{"rendered":"https:\/\/xn--lamentalitdusuccs-7sbm.com\/?page_id=201"},"modified":"2024-12-19T01:28:15","modified_gmt":"2024-12-19T01:28:15","slug":"menu-du-site","status":"publish","type":"page","link":"https:\/\/xn--lamentalitdusuccs-7sbm.com\/index.php\/menu-du-site\/","title":{"rendered":"MENU DU SITE"},"content":{"rendered":"<ul class=\"wp-block-page-list\"><li class=\"wp-block-pages-list__item\"><a class=\"wp-block-pages-list__item__link\" href=\"https:\/\/xn--lamentalitdusuccs-7sbm.com\/index.php\/8-etapes-pour-developper-une-resilience-mentale-a-toute-epreuve\/\">8 \u00c9tapes pour D\u00e9velopper une R\u00e9silience Mentale \u00e0 Toute \u00c9preuve<\/a><\/li><li class=\"wp-block-pages-list__item menu-item-home\"><a class=\"wp-block-pages-list__item__link\" href=\"https:\/\/xn--lamentalitdusuccs-7sbm.com\/\">ACCUEIL<\/a><\/li><li class=\"wp-block-pages-list__item\"><a class=\"wp-block-pages-list__item__link\" href=\"https:\/\/xn--lamentalitdusuccs-7sbm.com\/index.php\/changez-votre-dialogue-interieur-le-moteur-silencieux-de-votre-succes\/\">Changez votre dialogue int\u00e9rieur : Le moteur silencieux de votre succ\u00e8s<\/a><\/li><li class=\"wp-block-pages-list__item\"><a class=\"wp-block-pages-list__item__link\" href=\"https:\/\/xn--lamentalitdusuccs-7sbm.com\/index.php\/chercher-obsessionnellement-a-prouver-sa-valeur\/\">Chercher obsessionnellement \u00e0 prouver sa valeur<\/a><\/li><li class=\"wp-block-pages-list__item\"><a class=\"wp-block-pages-list__item__link\" href=\"https:\/\/xn--lamentalitdusuccs-7sbm.com\/index.php\/comment-cultiver-la-resilience-face-aux-echecs\/\">Comment cultiver la r\u00e9silience face aux \u00e9checs ?<\/a><\/li><li class=\"wp-block-pages-list__item\"><a class=\"wp-block-pages-list__item__link\" href=\"https:\/\/xn--lamentalitdusuccs-7sbm.com\/index.php\/comment-fixer-des-objectifs-smart-pour-renforcer-la-mentalite-du-succes\/\">Comment fixer des objectifs SMART pour renforcer la mentalit\u00e9 du succ\u00e8s ?<\/a><\/li><li class=\"wp-block-pages-list__item\"><a class=\"wp-block-pages-list__item__link\" href=\"https:\/\/xn--lamentalitdusuccs-7sbm.com\/index.php\/comment-gerer-les-influences-exterieures-negatives-critiques-jalousie-etc\/\">Comment g\u00e9rer les influences ext\u00e9rieures n\u00e9gatives (critiques, jalousie, etc.) ?<\/a><\/li><li class=\"wp-block-pages-list__item\"><a class=\"wp-block-pages-list__item__link\" href=\"https:\/\/xn--lamentalitdusuccs-7sbm.com\/index.php\/comment-lapprentissage-continu-renforce-t-il-cette-mentalite\/\">Comment l\u2019apprentissage continu renforce-t-il cette mentalit\u00e9 ?<\/a><\/li><li class=\"wp-block-pages-list__item\"><a class=\"wp-block-pages-list__item__link\" href=\"https:\/\/xn--lamentalitdusuccs-7sbm.com\/index.php\/comment-la-mentalite-de-succes-affecte-t-elle-les-relations-personnelles\/\">Comment la mentalit\u00e9 de succ\u00e8s affecte-t-elle les relations personnelles ?<\/a><\/li><li class=\"wp-block-pages-list__item\"><a class=\"wp-block-pages-list__item__link\" href=\"https:\/\/xn--lamentalitdusuccs-7sbm.com\/index.php\/comment-la-mentalite-du-succes-influence-t-elle-nos-choix-quotidiens\/\">Comment la mentalit\u00e9 du succ\u00e8s influence-t-elle nos choix quotidiens ?<\/a><\/li><li class=\"wp-block-pages-list__item\"><a class=\"wp-block-pages-list__item__link\" href=\"https:\/\/xn--lamentalitdusuccs-7sbm.com\/index.php\/comment-le-positivisme-peut-il-contribuer-au-succes\/\">Comment le positivisme peut-il contribuer au succ\u00e8s ?<\/a><\/li><li class=\"wp-block-pages-list__item\"><a class=\"wp-block-pages-list__item__link\" href=\"https:\/\/xn--lamentalitdusuccs-7sbm.com\/index.php\/comment-se-debarrasser-des-pensees-limitantes\/\">Comment se d\u00e9barrasser des pens\u00e9es limitantes ?<\/a><\/li><li class=\"wp-block-pages-list__item\"><a class=\"wp-block-pages-list__item__link\" href=\"https:\/\/xn--lamentalitdusuccs-7sbm.com\/index.php\/comment-se-forme-votre-mentalite\/\">Comment se forme votre mentalit\u00e9<\/a><\/li><li class=\"wp-block-pages-list__item\"><a class=\"wp-block-pages-list__item__link\" href=\"https:\/\/xn--lamentalitdusuccs-7sbm.com\/index.php\/comment-surmonter-les-doutes-ou-la-peur-de-lechec\/\">Comment surmonter les doutes ou la peur de l&rsquo;\u00e9chec ?<\/a><\/li><li class=\"wp-block-pages-list__item\"><a class=\"wp-block-pages-list__item__link\" href=\"https:\/\/xn--lamentalitdusuccs-7sbm.com\/index.php\/comment-une-mentalite-de-succes-sapplique-t-elle-au-domaine-professionnel\/\">Comment une mentalit\u00e9 de succ\u00e8s s\u2019applique-t-elle au domaine professionnel ?<\/a><\/li><li class=\"wp-block-pages-list__item\"><a class=\"wp-block-pages-list__item__link\" href=\"https:\/\/xn--lamentalitdusuccs-7sbm.com\/index.php\/decouvrez-les-secrets-dune-mentalite-de-croissance-avec-ce-guide-complet\/\">D\u00e9couvrez les Secrets d\u2019une Mentalit\u00e9 de Croissance avec Ce Guide Complet<\/a><\/li><li class=\"wp-block-pages-list__item\"><a class=\"wp-block-pages-list__item__link\" href=\"https:\/\/xn--lamentalitdusuccs-7sbm.com\/index.php\/differents-types-de-mentalite\/\">Diff\u00e9rents Types de Mentalit\u00e9<\/a><\/li><li class=\"wp-block-pages-list__item\"><a class=\"wp-block-pages-list__item__link\" href=\"https:\/\/xn--lamentalitdusuccs-7sbm.com\/index.php\/disclaimer\/\">DISCLAIMER<\/a><\/li><li class=\"wp-block-pages-list__item\"><a class=\"wp-block-pages-list__item__link\" href=\"https:\/\/xn--lamentalitdusuccs-7sbm.com\/index.php\/en-quoi-la-mentalite-de-succes-est-elle-differente-du-simple-fait-detre-ambitieux\/\">En quoi la mentalit\u00e9 de succ\u00e8s est-elle diff\u00e9rente du simple fait d\u2019\u00eatre ambitieux ?<\/a><\/li><li class=\"wp-block-pages-list__item\"><a class=\"wp-block-pages-list__item__link\" href=\"https:\/\/xn--lamentalitdusuccs-7sbm.com\/index.php\/est-il-possible-de-maintenir-une-mentalite-de-succes-dans-des-periodes-de-stress-ou-dadversite\/\">Est-il possible de maintenir une mentalit\u00e9 de succ\u00e8s dans des p\u00e9riodes de stress ou d\u2019adversit\u00e9 ?<\/a><\/li><li class=\"wp-block-pages-list__item\"><a class=\"wp-block-pages-list__item__link\" href=\"https:\/\/xn--lamentalitdusuccs-7sbm.com\/index.php\/lamelioration-par-leffort\/\">L\u2019am\u00e9lioration par l\u2019effort<\/a><\/li><li class=\"wp-block-pages-list__item\"><a class=\"wp-block-pages-list__item__link\" href=\"https:\/\/xn--lamentalitdusuccs-7sbm.com\/index.php\/letat-desprit-en-action\/\">L\u2019\u00e9tat d\u2019esprit en action<\/a><\/li><li class=\"wp-block-pages-list__item\"><a class=\"wp-block-pages-list__item__link\" href=\"https:\/\/xn--lamentalitdusuccs-7sbm.com\/index.php\/letat-desprit-en-pratique\/\">L\u2019\u00e9tat d\u2019esprit en pratique<\/a><\/li><li class=\"wp-block-pages-list__item\"><a class=\"wp-block-pages-list__item__link\" href=\"https:\/\/xn--lamentalitdusuccs-7sbm.com\/index.php\/letat-desprit-fige-contre-letat-desprit-evolutif\/\">L\u2019\u00e9tat d\u2019esprit fig\u00e9 contre l\u2019\u00e9tat d\u2019esprit \u00e9volutif<\/a><\/li><li class=\"wp-block-pages-list__item\"><a class=\"wp-block-pages-list__item__link\" href=\"https:\/\/xn--lamentalitdusuccs-7sbm.com\/index.php\/la-diminution-de-la-connaissance-de-soi\/\">La diminution de la connaissance de soi<\/a><\/li><li class=\"wp-block-pages-list__item\"><a class=\"wp-block-pages-list__item__link\" href=\"https:\/\/xn--lamentalitdusuccs-7sbm.com\/index.php\/la-mentalite-va-au-dela-des-croyances\/\">La mentalit\u00e9 va au-del\u00e0 des croyances<\/a><\/li><li class=\"wp-block-pages-list__item\"><a class=\"wp-block-pages-list__item__link\" href=\"https:\/\/xn--lamentalitdusuccs-7sbm.com\/index.php\/le-besoin-permanent-de-reconnaissance\/\">Le besoin permanent de reconnaissance<\/a><\/li><li class=\"wp-block-pages-list__item\"><a class=\"wp-block-pages-list__item__link\" href=\"https:\/\/xn--lamentalitdusuccs-7sbm.com\/index.php\/le-desir-detre-parfait\/\">Le d\u00e9sir d\u2019\u00eatre parfait<\/a><\/li><li class=\"wp-block-pages-list__item\"><a class=\"wp-block-pages-list__item__link\" href=\"https:\/\/xn--lamentalitdusuccs-7sbm.com\/index.php\/le-facteur-emotionnel\/\">Le facteur \u00e9motionnel<\/a><\/li><li class=\"wp-block-pages-list__item\"><a class=\"wp-block-pages-list__item__link\" href=\"https:\/\/xn--lamentalitdusuccs-7sbm.com\/index.php\/le-pouvoir-de-letat-desprit-evolutif\/\">Le pouvoir de l\u2019\u00e9tat d\u2019esprit \u00e9volutif<\/a><\/li><li class=\"wp-block-pages-list__item\"><a class=\"wp-block-pages-list__item__link\" href=\"https:\/\/xn--lamentalitdusuccs-7sbm.com\/index.php\/le-secret-pour-transformer-votre-vie-des-aujourdhui\/\">Le secret pour transformer votre vie d\u00e8s aujourd\u2019hui<\/a><\/li><li class=\"wp-block-pages-list__item\"><a class=\"wp-block-pages-list__item__link\" href=\"https:\/\/xn--lamentalitdusuccs-7sbm.com\/index.php\/les-avantages-de-la-mentalite-du-succes\/\">Les Avantages de la Mentalit\u00e9 du Succ\u00e8s<\/a><\/li><li class=\"wp-block-pages-list__item\"><a class=\"wp-block-pages-list__item__link\" href=\"https:\/\/xn--lamentalitdusuccs-7sbm.com\/index.php\/les-bases-de-la-difference-entre-letat-desprit-fige-et-letat-desprit-evolutif\/\">Les bases de la diff\u00e9rence entre l\u2019\u00e9tat d\u2019esprit fig\u00e9 et l\u2019\u00e9tat d\u2019esprit \u00e9volutif<\/a><\/li><li class=\"wp-block-pages-list__item\"><a class=\"wp-block-pages-list__item__link\" href=\"https:\/\/xn--lamentalitdusuccs-7sbm.com\/index.php\/les-dangers-de-letat-desprit-fige\/\">Les dangers de l\u2019\u00e9tat d\u2019esprit fig\u00e9<\/a><\/li><li class=\"wp-block-pages-list__item\"><a class=\"wp-block-pages-list__item__link\" href=\"https:\/\/xn--lamentalitdusuccs-7sbm.com\/index.php\/les-experiences-de-la-vie-renforcent-letat-desprit\/\">Les exp\u00e9riences de la vie renforcent l\u2019\u00e9tat d\u2019esprit<\/a><\/li><li class=\"wp-block-pages-list__item\"><a class=\"wp-block-pages-list__item__link\" href=\"https:\/\/xn--lamentalitdusuccs-7sbm.com\/index.php\/menu-du-site\/\">MENU DU SITE<\/a><\/li><li class=\"wp-block-pages-list__item\"><a class=\"wp-block-pages-list__item__link\" href=\"https:\/\/xn--lamentalitdusuccs-7sbm.com\/index.php\/offrir-plus-que-des-cadeaux-le-developpement-personnel-a-travers-les-actes-de-generosite\/\">Offrir plus que des cadeaux : le d\u00e9veloppement personnel \u00e0 travers les actes de g\u00e9n\u00e9rosit\u00e9<\/a><\/li><li class=\"wp-block-pages-list__item\"><a class=\"wp-block-pages-list__item__link\" href=\"https:\/\/xn--lamentalitdusuccs-7sbm.com\/index.php\/peut-on-developper-une-mentalite-de-succes-a-tout-age\/\">Peut-on d\u00e9velopper une mentalit\u00e9 de succ\u00e8s \u00e0 tout \u00e2ge ?<\/a><\/li><li class=\"wp-block-pages-list__item\"><a class=\"wp-block-pages-list__item__link\" href=\"https:\/\/xn--lamentalitdusuccs-7sbm.com\/index.php\/pourquoi-letat-desprit-est-il-important\/\">Pourquoi l\u2019\u00e9tat d\u2019esprit est-il important ?<\/a><\/li><li class=\"wp-block-pages-list__item\"><a class=\"wp-block-pages-list__item__link\" href=\"https:\/\/xn--lamentalitdusuccs-7sbm.com\/index.php\/pourquoi-la-mentalite-du-succes-est-elle-essentielle-pour-atteindre-ses-objectifs\/\">Pourquoi la mentalit\u00e9 du succ\u00e8s est-elle essentielle pour atteindre ses objectifs ?<\/a><\/li><li class=\"wp-block-pages-list__item\"><a class=\"wp-block-pages-list__item__link\" href=\"https:\/\/xn--lamentalitdusuccs-7sbm.com\/index.php\/quest-ce-que-la-mentalite-du-succes\/\">Qu&rsquo;est-ce que la mentalit\u00e9 du succ\u00e8s ?<\/a><\/li><li class=\"wp-block-pages-list__item\"><a class=\"wp-block-pages-list__item__link\" href=\"https:\/\/xn--lamentalitdusuccs-7sbm.com\/index.php\/quest-ce-que-le-mindset\/\">Qu\u2019est-ce que le \u201cmindset\u201d ?<\/a><\/li><li class=\"wp-block-pages-list__item\"><a class=\"wp-block-pages-list__item__link\" href=\"https:\/\/xn--lamentalitdusuccs-7sbm.com\/index.php\/quest-ce-que-le-mindset-2\/\">Qu\u2019est-ce que le \u201cmindset\u201d ?<\/a><\/li><li class=\"wp-block-pages-list__item\"><a class=\"wp-block-pages-list__item__link\" href=\"https:\/\/xn--lamentalitdusuccs-7sbm.com\/index.php\/quest-ce-qui-separe-ceux-qui-reussissent-de-ceux-qui-echouent\/\">Qu\u2019est-ce qui s\u00e9pare ceux qui r\u00e9ussissent de ceux qui \u00e9chouent ?<\/a><\/li><li class=\"wp-block-pages-list__item\"><a class=\"wp-block-pages-list__item__link\" href=\"https:\/\/xn--lamentalitdusuccs-7sbm.com\/index.php\/que-dit-la-science-sur-les-etats-desprit\/\">Que dit la science sur les \u00e9tats d\u2019esprit ?<\/a><\/li><li class=\"wp-block-pages-list__item\"><a class=\"wp-block-pages-list__item__link\" href=\"https:\/\/xn--lamentalitdusuccs-7sbm.com\/index.php\/quel-est-le-lien-entre-lintelligence-emotionnelle-et-la-mentalite-du-succes\/\">Quel est le lien entre l\u2019intelligence \u00e9motionnelle et la mentalit\u00e9 du succ\u00e8s ?<\/a><\/li><li class=\"wp-block-pages-list__item\"><a class=\"wp-block-pages-list__item__link\" href=\"https:\/\/xn--lamentalitdusuccs-7sbm.com\/index.php\/quelle-est-limportance-de-la-discipline-dans-le-developpement-de-la-mentalite-du-succes\/\">Quelle est l&rsquo;importance de la discipline dans le d\u00e9veloppement de la mentalit\u00e9 du succ\u00e8s ?<\/a><\/li><li class=\"wp-block-pages-list__item\"><a class=\"wp-block-pages-list__item__link\" href=\"https:\/\/xn--lamentalitdusuccs-7sbm.com\/index.php\/quelle-est-la-difference-entre-une-mentalite-fixe-et-une-mentalite-de-croissance\/\">Quelle est la diff\u00e9rence entre une mentalit\u00e9 fixe et une mentalit\u00e9 de croissance ?<\/a><\/li><li class=\"wp-block-pages-list__item\"><a class=\"wp-block-pages-list__item__link\" href=\"https:\/\/xn--lamentalitdusuccs-7sbm.com\/index.php\/quelles-habitudes-peuvent-transformer-votre-etat-desprit-pour-reussir\/\">Quelles habitudes peuvent transformer votre \u00e9tat d&rsquo;esprit pour r\u00e9ussir ?<\/a><\/li><li class=\"wp-block-pages-list__item\"><a class=\"wp-block-pages-list__item__link\" href=\"https:\/\/xn--lamentalitdusuccs-7sbm.com\/index.php\/quelles-pratiques-quotidiennes-renforcent-la-motivation-et-la-confiance\/\">Quelles pratiques quotidiennes renforcent la motivation et la confiance ?<\/a><\/li><li class=\"wp-block-pages-list__item\"><a class=\"wp-block-pages-list__item__link\" href=\"https:\/\/xn--lamentalitdusuccs-7sbm.com\/index.php\/quels-petits-changements-peuvent-avoir-un-grand-impact-sur-letat-desprit\/\">Quels petits changements peuvent avoir un grand impact sur l&rsquo;\u00e9tat d&rsquo;esprit ?<\/a><\/li><li class=\"wp-block-pages-list__item\"><a class=\"wp-block-pages-list__item__link\" href=\"https:\/\/xn--lamentalitdusuccs-7sbm.com\/index.php\/quels-roles-jouent-la-patience-et-la-perseverance-dans-une-mentalite-de-succes\/\">Quels r\u00f4les jouent la patience et la pers\u00e9v\u00e9rance dans une mentalit\u00e9 de succ\u00e8s ?<\/a><\/li><li class=\"wp-block-pages-list__item\"><a class=\"wp-block-pages-list__item__link\" href=\"https:\/\/xn--lamentalitdusuccs-7sbm.com\/index.php\/quels-sont-les-mythes-ou-idees-recues-sur-la-reussite\/\">Quels sont les mythes ou id\u00e9es re\u00e7ues sur la r\u00e9ussite ?<\/a><\/li><li class=\"wp-block-pages-list__item\"><a class=\"wp-block-pages-list__item__link\" href=\"https:\/\/xn--lamentalitdusuccs-7sbm.com\/index.php\/quels-sont-les-principaux-obstacles-a-la-construction-dune-mentalite-de-succes\/\">Quels sont les principaux obstacles \u00e0 la construction d&rsquo;une mentalit\u00e9 de succ\u00e8s ?<\/a><\/li><li class=\"wp-block-pages-list__item\"><a class=\"wp-block-pages-list__item__link\" href=\"https:\/\/xn--lamentalitdusuccs-7sbm.com\/index.php\/quels-sont-les-traits-communs-des-personnes-ayant-une-mentalite-de-succes\/\">Quels sont les traits communs des personnes ayant une mentalit\u00e9 de succ\u00e8s ?<\/a><\/li><li class=\"wp-block-pages-list__item\"><a class=\"wp-block-pages-list__item__link\" href=\"https:\/\/xn--lamentalitdusuccs-7sbm.com\/index.php\/qui-suis-je\/\">QUI SUIS-JE ?<\/a><\/li><li class=\"wp-block-pages-list__item\"><a class=\"wp-block-pages-list__item__link\" href=\"https:\/\/xn--lamentalitdusuccs-7sbm.com\/index.php\/sous-estimer-limportance-de-leffort\/\">Sous-estimer l\u2019importance de l\u2019effort<\/a><\/li><li class=\"wp-block-pages-list__item\"><a class=\"wp-block-pages-list__item__link\" href=\"https:\/\/xn--lamentalitdusuccs-7sbm.com\/index.php\/table-des-matieres\/\">Table des mati\u00e8res<\/a><\/li><li class=\"wp-block-pages-list__item\"><a class=\"wp-block-pages-list__item__link\" href=\"https:\/\/xn--lamentalitdusuccs-7sbm.com\/index.php\/temoignages\/\">T\u00e9moignages<\/a><\/li><\/ul>\n\n\n<p><\/p>\n","protected":false},"excerpt":{"rendered":"","protected":false},"author":1,"featured_media":0,"parent":0,"menu_order":0,"comment_status":"closed","ping_status":"closed","template":"","meta":{"footnotes":""},"class_list":["post-201","page","type-page","status-publish","hentry"],"_links":{"self":[{"href":"https:\/\/xn--lamentalitdusuccs-7sbm.com\/index.php\/wp-json\/wp\/v2\/pages\/201","targetHints":{"allow":["GET"]}}],"collection":[{"href":"https:\/\/xn--lamentalitdusuccs-7sbm.com\/index.php\/wp-json\/wp\/v2\/pages"}],"about":[{"href":"https:\/\/xn--lamentalitdusuccs-7sbm.com\/index.php\/wp-json\/wp\/v2\/types\/page"}],"author":[{"embeddable":true,"href":"https:\/\/xn--lamentalitdusuccs-7sbm.com\/index.php\/wp-json\/wp\/v2\/users\/1"}],"replies":[{"embeddable":true,"href":"https:\/\/xn--lamentalitdusuccs-7sbm.com\/index.php\/wp-json\/wp\/v2\/comments?post=201"}],"version-history":[{"count":1,"href":"https:\/\/xn--lamentalitdusuccs-7sbm.com\/index.php\/wp-json\/wp\/v2\/pages\/201\/revisions"}],"predecessor-version":[{"id":202,"href":"https:\/\/xn--lamentalitdusuccs-7sbm.com\/index.php\/wp-json\/wp\/v2\/pages\/201\/revisions\/202"}],"wp:attachment":[{"href":"https:\/\/xn--lamentalitdusuccs-7sbm.com\/index.php\/wp-json\/wp\/v2\/media?parent=201"}],"curies":[{"name":"wp","href":"https:\/\/api.w.org\/{rel}","templated":true}]}}